{"id":331859,"date":"2022-01-16T19:24:14","date_gmt":"2022-01-16T19:24:14","guid":{"rendered":"https:\/\/aceleratepyme.com\/?page_id=331859"},"modified":"2022-02-15T12:41:22","modified_gmt":"2022-02-15T12:41:22","slug":"kt-comercio-electronico","status":"publish","type":"page","link":"https:\/\/www.serinfe.com\/kit-digital\/kt-comercio-electronico\/","title":{"rendered":"Kit Digital Comercio electr\u00f3nico"},"content":{"rendered":"<p>[et_pb_section fb_built=\u00bb1&#8243; _builder_version=\u00bb4.14.5&#8243; _module_preset=\u00bbdefault\u00bb background_color=\u00bb#0C71C3&#8243; use_background_color_gradient=\u00bbon\u00bb background_color_gradient_end=\u00bb#1b4482&#8243; custom_padding=\u00bb150px||150px||true|false\u00bb global_colors_info=\u00bb{}\u00bb][et_pb_row column_structure=\u00bb3_5,2_5&#8243; _builder_version=\u00bb4.14.5&#8243; _module_preset=\u00bbdefault\u00bb width=\u00bb70%\u00bb max_width=\u00bb1920px\u00bb custom_padding=\u00bb14px||14px||true|false\u00bb global_colors_info=\u00bb{}\u00bb][et_pb_column type=\u00bb3_5&#8243; _builder_version=\u00bb4.14.5&#8243; _module_preset=\u00bbdefault\u00bb global_colors_info=\u00bb{}\u00bb][et_pb_text _builder_version=\u00bb4.14.6&#8243; _module_preset=\u00bbdefault\u00bb header_font_size=\u00bb60px\u00bb background_layout=\u00bbdark\u00bb custom_padding=\u00bb||8px|||\u00bb global_colors_info=\u00bb{}\u00bb]<\/p>\n<h1>Kit Digital Comercio electr\u00f3nico<\/h1>\n<h3><strong>Objetivo:<\/strong><\/h3>\n<h3>Creaci\u00f3n de una tienda online de compraventa de productos y\/o servicios que utilice medios digitales para su intercambio.<\/h3>\n<p>[\/et_pb_text][\/et_pb_column][et_pb_column type=\u00bb2_5&#8243; _builder_version=\u00bb4.14.5&#8243; _module_preset=\u00bbdefault\u00bb global_colors_info=\u00bb{}\u00bb][et_pb_image src=\u00bbhttps:\/\/www.serinfe.com\/kit-digital\/wp-content\/uploads\/2022\/01\/Wavy_Bus-10_Single-03.png\u00bb title_text=\u00bbWavy_Bus-10_Single-03&#8243; _builder_version=\u00bb4.14.6&#8243; _module_preset=\u00bbdefault\u00bb width=\u00bb100%\u00bb module_alignment=\u00bbcenter\u00bb custom_margin=\u00bb-150px||||false|false\u00bb global_colors_info=\u00bb{}\u00bb][\/et_pb_image][\/et_pb_column][\/et_pb_row][\/et_pb_section][et_pb_section fb_built=\u00bb1&#8243; prev_background_color=\u00bb#0C71C3&#8243; _builder_version=\u00bb4.9.4&#8243; _module_preset=\u00bbdefault\u00bb background_color=\u00bb#f5f6f7&#8243; custom_margin=\u00bb-132px|||||\u00bb custom_padding=\u00bb0px||0px||true|false\u00bb top_divider_style=\u00bbcurve2&#8243; top_divider_flip=\u00bbvertical\u00bb hover_enabled=\u00bb0&#8243; global_colors_info=\u00bb{}\u00bb module_class=\u00bbcontseptop\u00bb sticky_enabled=\u00bb0&#8243;][et_pb_row column_structure=\u00bb1_3,1_3,1_3&#8243; _builder_version=\u00bb4.14.5&#8243; _module_preset=\u00bbdefault\u00bb width=\u00bb70%\u00bb max_width=\u00bb1920px\u00bb custom_padding=\u00bb25px||25px||true|false\u00bb global_colors_info=\u00bb{}\u00bb][et_pb_column type=\u00bb1_3&#8243; _builder_version=\u00bb4.14.5&#8243; _module_preset=\u00bbdefault\u00bb global_colors_info=\u00bb{}\u00bb][et_pb_blurb title=\u00bbCreaci\u00f3n de la tienda online o E-Commerce y alta del cat\u00e1logo de productos\u00bb icon_alignment=\u00bbleft\u00bb _builder_version=\u00bb4.14.6&#8243; _module_preset=\u00bbdefault\u00bb header_font=\u00bb|700|||||||\u00bb header_font_size=\u00bb22px\u00bb body_font=\u00bb||||||||\u00bb global_colors_info=\u00bb{}\u00bb]<\/p>\n<p><span style=\"font-weight: 400\">P<\/span><span style=\"font-weight: 400\">roducci\u00f3n de un cat\u00e1logo mediante el alta, importaci\u00f3n o carga de los productos o art\u00edculos de la pyme. El n\u00famero de referencias a cargar por el agente digitalizador ser\u00e1 de al menos 100 referencias de productos, salvo que la pyme no disponga de este n\u00famero, en cuyo caso podr\u00e1 ser menor.<\/span><\/p>\n<p>[\/et_pb_blurb][et_pb_blurb title=\u00bbFormas de env\u00edo\u00bb icon_alignment=\u00bbleft\u00bb _builder_version=\u00bb4.14.6&#8243; _module_preset=\u00bbdefault\u00bb header_font=\u00bb|700|||||||\u00bb header_font_size=\u00bb22px\u00bb body_font=\u00bb||||||||\u00bb global_colors_info=\u00bb{}\u00bb]<\/p>\n<p>Configuraci\u00f3n e integraci\u00f3n de m\u00e9todos de env\u00edo digital y f\u00edsico de los productos comercializados por el beneficiario en la tienda online.<\/p>\n<p>[\/et_pb_blurb][et_pb_blurb title=\u00bbPosicionamiento b\u00e1sico en internet\u00bb icon_alignment=\u00bbleft\u00bb _builder_version=\u00bb4.14.6&#8243; _module_preset=\u00bbdefault\u00bb header_font=\u00bb|700|||||||\u00bb header_font_size=\u00bb22px\u00bb body_font=\u00bb||||||||\u00bb global_colors_info=\u00bb{}\u00bb]<\/p>\n<p>Posicionamiento de la informaci\u00f3n b\u00e1sica del negocio, contacto y perfil de la empresa en los principales sites, redes de negocio o directorios de empresas y profesionales.<\/p>\n<p>[\/et_pb_blurb][\/et_pb_column][et_pb_column type=\u00bb1_3&#8243; _builder_version=\u00bb4.14.5&#8243; _module_preset=\u00bbdefault\u00bb global_colors_info=\u00bb{}\u00bb][et_pb_blurb title=\u00bbM\u00e9todos de pago\u00bb icon_alignment=\u00bbleft\u00bb _builder_version=\u00bb4.14.6&#8243; _module_preset=\u00bbdefault\u00bb header_font=\u00bb|700|||||||\u00bb header_font_size=\u00bb22px\u00bb body_font=\u00bb||||||||\u00bb custom_padding=\u00bb0px|||||\u00bb global_colors_info=\u00bb{}\u00bb]<\/p>\n<p><span style=\"font-weight: 400\">Configuraci\u00f3n e integraci\u00f3n de los m\u00e9todos de pago.<\/span><\/p>\n<p>[\/et_pb_blurb][et_pb_blurb title=\u00bbAccesibilidad\u00bb icon_alignment=\u00bbleft\u00bb _builder_version=\u00bb4.14.6&#8243; _module_preset=\u00bbdefault\u00bb header_font=\u00bb|700|||||||\u00bb header_font_size=\u00bb22px\u00bb body_font=\u00bb||||||||\u00bb locked=\u00bboff\u00bb global_colors_info=\u00bb{}\u00bb]<\/p>\n<p>El dise\u00f1o debe cumplir con criterios de conformidad de nivel AA de las Pautas WCAG-2.1.<\/p>\n<p>[\/et_pb_blurb][et_pb_blurb title=\u00bbOptimizaci\u00f3n de la presencia en buscadores (SEO b\u00e1sico)\u00bb icon_alignment=\u00bbleft\u00bb _builder_version=\u00bb4.14.6&#8243; _module_preset=\u00bbdefault\u00bb header_font=\u00bb|700|||||||\u00bb header_font_size=\u00bb22px\u00bb body_font=\u00bb||||||||\u00bb locked=\u00bboff\u00bb global_colors_info=\u00bb{}\u00bb]<\/p>\n<p>An\u00e1lisis de palabras clave, SEO On-Page de 2 p\u00e1ginas o apartados, indexaci\u00f3n y jerarquizaci\u00f3n del contenido.<\/p>\n<p>[\/et_pb_blurb][\/et_pb_column][et_pb_column type=\u00bb1_3&#8243; _builder_version=\u00bb4.14.6&#8243; _module_preset=\u00bbdefault\u00bb global_colors_info=\u00bb{}\u00bb][et_pb_blurb title=\u00bbDise\u00f1o Responsive\u00bb icon_alignment=\u00bbleft\u00bb _builder_version=\u00bb4.14.6&#8243; _module_preset=\u00bbdefault\u00bb header_font=\u00bb|700|||||||\u00bb header_font_size=\u00bb22px\u00bb body_font=\u00bb||||||||\u00bb custom_margin=\u00bb||6px|||\u00bb global_colors_info=\u00bb{}\u00bb]<\/p>\n<p><span style=\"font-weight: 400\">La soluci\u00f3n de E-Commerce dise\u00f1ada debe adaptarse para ser funcional en todo tipo de dispositivos.<\/span><\/p>\n<p>[\/et_pb_blurb][et_pb_blurb title=\u00bbAutogestionable\u00bb icon_alignment=\u00bbleft\u00bb _builder_version=\u00bb4.14.6&#8243; _module_preset=\u00bbdefault\u00bb header_font=\u00bb|700|||||||\u00bb header_font_size=\u00bb22px\u00bb body_font=\u00bb||||||||\u00bb custom_margin=\u00bb35px|||||\u00bb global_colors_info=\u00bb{}\u00bb]<\/p>\n<p>Se deber\u00e1 proveer una plataforma de gesti\u00f3n de contenidos para el beneficiario, de manera que sea aut\u00f3nomo a la hora de modificar el contenido de sus p\u00e1ginas web, sin la necesidad de recurrir al soporte de la empresa proveedora.<\/p>\n<p>[\/et_pb_blurb][\/et_pb_column][\/et_pb_row][et_pb_row _builder_version=\u00bb4.14.6&#8243; _module_preset=\u00bbdefault\u00bb custom_margin=\u00bb-51px|auto||auto||\u00bb global_colors_info=\u00bb{}\u00bb][et_pb_column type=\u00bb4_4&#8243; _builder_version=\u00bb4.14.6&#8243; _module_preset=\u00bbdefault\u00bb global_colors_info=\u00bb{}\u00bb][et_pb_text _builder_version=\u00bb4.14.6&#8243; _module_preset=\u00bbdefault\u00bb global_colors_info=\u00bb{}\u00bb]<\/p>\n<h4><strong>Importe de la ayuda:<\/strong><\/h4>\n<p>[\/et_pb_text][dvmd_table_maker tbl_row_header_count=\u00bb0&#8243; _builder_version=\u00bb4.14.6&#8243; _module_preset=\u00bbdefault\u00bb custom_margin=\u00bb-32px|||||\u00bb global_colors_info=\u00bb{}\u00bb][dvmd_table_maker_item col_label=\u00bbSegmento I\u00bb col_content=\u00bbSegmento I Peque\u00f1as empresas entre 10 y 50 empleados<br \/>\n2.000 \u20ac\u00bb col_tcell_cell_align_horz=\u00bbcenter\u00bb col_chead_cell_color=\u00bb#0C71C3&#8243; col_tcell_text_wrap=\u00bbnormal\u00bb _builder_version=\u00bb4.14.6&#8243; _module_preset=\u00bbdefault\u00bb global_colors_info=\u00bb{}\u00bb][\/dvmd_table_maker_item][dvmd_table_maker_item col_label=\u00bbSegmento II\u00bb col_content=\u00bbSegmento II Peque\u00f1as empresas entre 3 y 9 empleados<br \/>\n2.000 \u20ac\u00bb col_tcell_cell_align_horz=\u00bbcenter\u00bb col_chead_cell_color=\u00bb#0C71C3&#8243; col_chead_cell_align_horz=\u00bbcenter\u00bb col_chead_cell_align_vert=\u00bbcenter\u00bb col_rhead_cell_align_horz=\u00bbcenter\u00bb col_tcell_text_wrap=\u00bbnormal\u00bb _builder_version=\u00bb4.14.6&#8243; _module_preset=\u00bbdefault\u00bb global_colors_info=\u00bb{}\u00bb][\/dvmd_table_maker_item][dvmd_table_maker_item col_label=\u00bbSegmento III\u00bb col_content=\u00bbSegmento III Peque\u00f1as empresas entre 1 y 2 empleados y autoempleo<br \/>\n2.000 \u20ac\u00bb col_tcell_cell_align_horz=\u00bbcenter\u00bb col_chead_cell_color=\u00bb#0C71C3&#8243; _builder_version=\u00bb4.14.6&#8243; _module_preset=\u00bbdefault\u00bb global_colors_info=\u00bb{}\u00bb][\/dvmd_table_maker_item][\/dvmd_table_maker][\/et_pb_column][\/et_pb_row][et_pb_row column_structure=\u00bb1_3,1_3,1_3&#8243; _builder_version=\u00bb4.14.6&#8243; _module_preset=\u00bbdefault\u00bb max_width=\u00bb1779px\u00bb global_colors_info=\u00bb{}\u00bb][et_pb_column type=\u00bb1_3&#8243; _builder_version=\u00bb4.14.6&#8243; _module_preset=\u00bbdefault\u00bb global_colors_info=\u00bb{}\u00bb][et_pb_text _builder_version=\u00bb4.14.6&#8243; _module_preset=\u00bbdefault\u00bb custom_margin=\u00bb||0px|||\u00bb global_colors_info=\u00bb{}\u00bb]<\/p>\n<h3>Segmento I <\/h3>\n<p>[\/et_pb_text][dvmd_table_maker tbl_column_footer_count=\u00bb1&#8243; tbl_scrolling_active=\u00bbon\u00bb tbl_scrolling_col_sticky=\u00bbon\u00bb tbl_scrolling_row_sticky=\u00bbon\u00bb tbl_button_text=\u00bbSolicitar\u00bb tbl_button_url=\u00bbhttps:\/\/zfrmz.eu\/F2p7TyeCrxhC0fB1Z7Mq\u00bb tbl_button_target=\u00bb_blank\u00bb tbl_button_width=\u00bbblock\u00bb tbl_tcell_cell_align_horz=\u00bbcenter\u00bb tbl_tcell_cell_align_vert=\u00bbcenter\u00bb tbl_chead_cell_color=\u00bb#0C71C3&#8243; tbl_chead_cell_align_horz=\u00bbcenter\u00bb tbl_rhead_cell_align_horz=\u00bbleft\u00bb _builder_version=\u00bb4.9.4&#8243; _module_preset=\u00bbdefault\u00bb custom_button=\u00bbon\u00bb button_text_size=\u00bb17px\u00bb button_border_width=\u00bb0px\u00bb width=\u00bb100%\u00bb custom_padding=\u00bb|0px||||\u00bb border_width_all_tbl_tcell_cell_border=\u00bb0px\u00bb border_width_all_tbl_chead_cell_border=\u00bb0px\u00bb global_colors_info=\u00bb{}\u00bb][dvmd_table_maker_item col_content=\u00bb<br \/>\n<b>Alojamiento<\/b><\/p>\n<ul>\n<li>Cuentas de correo electronio<\/li>\n<\/ul>\n<ul>\n<li>Espacio en disco SSD<\/li>\n<\/ul>\n<ul>\n<li>Espacio en BBDD<\/li>\n<\/ul>\n<ul>\n<li>Backup<\/li>\n<\/ul>\n<ul>\n<li>M\u00e1x. Sitos web CMS (Subdominios,Blog&#8230;)<\/li>\n<\/ul>\n<ul>\n<li>Certificado SSL<\/li>\n<\/ul>\n<p><b>Tienda<\/b><\/p>\n<ul>\n<li> N\u00famero de referencias<\/li>\n<\/ul>\n<ul>\n<li> N\u00famero m\u00e1ximo de imagenes\/fotografias<\/li>\n<\/ul>\n<ul>\n<li> N\u00famero m\u00e1ximo de palabras por referencia<\/li>\n<\/ul>\n<p>Importe<br \/>\n   \u00bb col_column_max_width=\u00bb1.5fr\u00bb col_tcell_text_wrap=\u00bbnormal\u00bb _builder_version=\u00bb4.14.6&#8243; _module_preset=\u00bbdefault\u00bb global_colors_info=\u00bb{}\u00bb][\/dvmd_table_maker_item][dvmd_table_maker_item col_content=\u00bbCE-Basic<br \/>\ncheck<br \/>\n100 x 5 Gb<br \/>\n250 Gb<br \/>\n3 x 400 Mb<br \/>\nAutom\u00e1tico<br \/>\n10<br \/>\ncheck<br \/>\ncheck<br \/>\nilimitadas<br \/>\n50<br \/>\n100<br \/>\n<b>1.795 \u20ac<\/b><br \/>\n<button><\/button>\u00bb _builder_version=\u00bb4.14.7&#8243; _module_preset=\u00bbdefault\u00bb global_colors_info=\u00bb{}\u00bb][\/dvmd_table_maker_item][\/dvmd_table_maker][et_pb_text _builder_version=\u00bb4.14.6&#8243; _module_preset=\u00bbdefault\u00bb global_colors_info=\u00bb{}\u00bb]<\/p>\n<ul>\n<li>La renovaci\u00f3n del dominio se realizar\u00e1 al precio anual seg\u00fan la extensi\u00f3n elegida<\/li>\n<li>La renovaci\u00f3n anual del alojamiento para el a\u00f1o 2023 es de 90 \u20ac (precio estimado)<\/li>\n<li>No se incluyen los costes de la adquisici\u00f3n de plugins espedicificos de TPV , Conectores con logistica, conectores con ERP\/CRM o Marketing digital.<\/li>\n<\/ul>\n<p>[\/et_pb_text][\/et_pb_column][et_pb_column type=\u00bb1_3&#8243; _builder_version=\u00bb4.14.6&#8243; _module_preset=\u00bbdefault\u00bb global_colors_info=\u00bb{}\u00bb][et_pb_text _builder_version=\u00bb4.14.6&#8243; _module_preset=\u00bbdefault\u00bb custom_margin=\u00bb||0px|||\u00bb global_colors_info=\u00bb{}\u00bb]<\/p>\n<h3>Segmento II<\/h3>\n<p>[\/et_pb_text][dvmd_table_maker tbl_column_footer_count=\u00bb1&#8243; tbl_scrolling_active=\u00bbon\u00bb tbl_scrolling_col_sticky=\u00bbon\u00bb tbl_scrolling_row_sticky=\u00bbon\u00bb tbl_button_text=\u00bbSolicitar\u00bb tbl_button_url=\u00bbhttps:\/\/zfrmz.eu\/F2p7TyeCrxhC0fB1Z7Mq\u00bb tbl_button_target=\u00bb_blank\u00bb tbl_button_width=\u00bbblock\u00bb tbl_tcell_cell_align_horz=\u00bbcenter\u00bb tbl_tcell_cell_align_vert=\u00bbcenter\u00bb tbl_chead_cell_color=\u00bb#0C71C3&#8243; tbl_chead_cell_align_horz=\u00bbcenter\u00bb tbl_rhead_cell_align_horz=\u00bbleft\u00bb _builder_version=\u00bb4.9.4&#8243; _module_preset=\u00bbdefault\u00bb custom_button=\u00bbon\u00bb button_text_size=\u00bb17px\u00bb button_border_width=\u00bb0px\u00bb width=\u00bb100%\u00bb custom_padding=\u00bb|0px||||\u00bb border_width_all_tbl_tcell_cell_border=\u00bb0px\u00bb border_width_all_tbl_chead_cell_border=\u00bb0px\u00bb global_colors_info=\u00bb{}\u00bb][dvmd_table_maker_item col_content=\u00bb<br \/>\n<b>Alojamiento<\/b><\/p>\n<ul>\n<li>Cuentas de correo electronio<\/li>\n<\/ul>\n<ul>\n<li>Espacio en disco SSD<\/li>\n<\/ul>\n<ul>\n<li>Espacio en BBDD<\/li>\n<\/ul>\n<ul>\n<li>Backup<\/li>\n<\/ul>\n<ul>\n<li>M\u00e1x. Sitos web CMS (Subdominios,Blog&#8230;)<\/li>\n<\/ul>\n<ul>\n<li>Certificado SSL<\/li>\n<\/ul>\n<p><b>Tienda<\/b><\/p>\n<ul>\n<li> N\u00famero de referencias<\/li>\n<\/ul>\n<ul>\n<li> N\u00famero m\u00e1ximo de imagenes\/fotografias<\/li>\n<\/ul>\n<ul>\n<li> N\u00famero m\u00e1ximo de palabras por referencia<\/li>\n<\/ul>\n<p>Importe<br \/>\n   \u00bb col_column_max_width=\u00bb1.5fr\u00bb col_tcell_text_wrap=\u00bbnormal\u00bb _builder_version=\u00bb4.14.6&#8243; _module_preset=\u00bbdefault\u00bb global_colors_info=\u00bb{}\u00bb][\/dvmd_table_maker_item][dvmd_table_maker_item col_content=\u00bbCE-Basic<br \/>\ncheck<br \/>\n10 x 5 Gb<br \/>\n100 Gb<br \/>\n1 x 200 Mb<br \/>\nAutom\u00e1tico<br \/>\n5<br \/>\ncheck<br \/>\ncheck<br \/>\nilimitadas<br \/>\n35<br \/>\n100<br \/>\n<b>1.595 \u20ac<\/b><br \/>\n<button><\/button>\u00bb _builder_version=\u00bb4.14.7&#8243; _module_preset=\u00bbdefault\u00bb global_colors_info=\u00bb{}\u00bb][\/dvmd_table_maker_item][\/dvmd_table_maker][et_pb_text _builder_version=\u00bb4.14.6&#8243; _module_preset=\u00bbdefault\u00bb global_colors_info=\u00bb{}\u00bb]<\/p>\n<ul>\n<li>La renovaci\u00f3n del dominio se realizar\u00e1 al precio anual seg\u00fan la extensi\u00f3n elegida<\/li>\n<li>La renovaci\u00f3n anual del alojamiento para el a\u00f1o 2023 es de 70 \u20ac (precio estimado)<\/li>\n<li>No se incluyen los costes de la adquisici\u00f3n de plugins espedicificos de TPV , Conectores con logistica, conectores con ERP\/CRM o Marketing digital.<\/li>\n<\/ul>\n<p>[\/et_pb_text][\/et_pb_column][et_pb_column type=\u00bb1_3&#8243; _builder_version=\u00bb4.14.6&#8243; _module_preset=\u00bbdefault\u00bb global_colors_info=\u00bb{}\u00bb][et_pb_text _builder_version=\u00bb4.14.6&#8243; _module_preset=\u00bbdefault\u00bb custom_margin=\u00bb||0px|||\u00bb global_colors_info=\u00bb{}\u00bb]<\/p>\n<h3>Segmento III<\/h3>\n<p>[\/et_pb_text][dvmd_table_maker tbl_column_footer_count=\u00bb1&#8243; tbl_scrolling_active=\u00bbon\u00bb tbl_scrolling_col_sticky=\u00bbon\u00bb tbl_scrolling_row_sticky=\u00bbon\u00bb tbl_button_text=\u00bbSolicitar\u00bb tbl_button_url=\u00bbhttps:\/\/zfrmz.eu\/F2p7TyeCrxhC0fB1Z7Mq\u00bb tbl_button_target=\u00bb_blank\u00bb tbl_button_width=\u00bbblock\u00bb tbl_tcell_cell_align_horz=\u00bbcenter\u00bb tbl_tcell_cell_align_vert=\u00bbcenter\u00bb tbl_chead_cell_color=\u00bb#0C71C3&#8243; tbl_chead_cell_align_horz=\u00bbcenter\u00bb tbl_rhead_cell_align_horz=\u00bbleft\u00bb _builder_version=\u00bb4.9.4&#8243; _module_preset=\u00bbdefault\u00bb custom_button=\u00bbon\u00bb button_text_size=\u00bb17px\u00bb button_border_width=\u00bb0px\u00bb width=\u00bb100%\u00bb custom_padding=\u00bb|0px||||\u00bb border_width_all_tbl_tcell_cell_border=\u00bb0px\u00bb border_width_all_tbl_chead_cell_border=\u00bb0px\u00bb global_colors_info=\u00bb{}\u00bb][dvmd_table_maker_item col_content=\u00bb<br \/>\n<b>Alojamiento<\/b><\/p>\n<ul>\n<li>Cuentas de correo electronio<\/li>\n<\/ul>\n<ul>\n<li>Espacio en disco SSD<\/li>\n<\/ul>\n<ul>\n<li>Espacio en BBDD<\/li>\n<\/ul>\n<ul>\n<li>Backup<\/li>\n<\/ul>\n<ul>\n<li>M\u00e1x. Sitos web CMS (Subdominios,Blog&#8230;)<\/li>\n<\/ul>\n<ul>\n<li>Certificado SSL<\/li>\n<\/ul>\n<p><b>Tienda<\/b><\/p>\n<ul>\n<li> N\u00famero de referencias<\/li>\n<\/ul>\n<ul>\n<li> N\u00famero m\u00e1ximo de imagenes\/fotografias<\/li>\n<\/ul>\n<ul>\n<li> N\u00famero m\u00e1ximo de palabras por referencia<\/li>\n<\/ul>\n<p>Importe<br \/>\n   \u00bb col_column_max_width=\u00bb1.5fr\u00bb col_tcell_text_wrap=\u00bbnormal\u00bb _builder_version=\u00bb4.14.6&#8243; _module_preset=\u00bbdefault\u00bb global_colors_info=\u00bb{}\u00bb][\/dvmd_table_maker_item][dvmd_table_maker_item col_content=\u00bbCE-Basic<br \/>\ncheck<br \/>\n10 x 5 Gb<br \/>\n100 Gb<br \/>\n3 x 200 Mb<br \/>\nAutom\u00e1tico<br \/>\n1<br \/>\ncheck<br \/>\ncheck<br \/>\nilimitados<br \/>\n35<br \/>\n100<br \/>\n<b>1.595 \u20ac<\/b><br \/>\n<button><\/button>\u00bb _builder_version=\u00bb4.14.7&#8243; _module_preset=\u00bbdefault\u00bb global_colors_info=\u00bb{}\u00bb][\/dvmd_table_maker_item][\/dvmd_table_maker][et_pb_text _builder_version=\u00bb4.14.6&#8243; _module_preset=\u00bbdefault\u00bb global_colors_info=\u00bb{}\u00bb]<\/p>\n<ul>\n<li>La renovaci\u00f3n del dominio se realizar\u00e1 al precio anual seg\u00fan la extensi\u00f3n elegida<\/li>\n<li>La renovaci\u00f3n anual del alojamiento para el a\u00f1o 2023 es de 60 \u20ac (precio estimado)<\/li>\n<li>No se incluyen los costes de la adquisici\u00f3n de plugins espedicificos de TPV , Conectores con logistica, conectores con ERP\/CRM o Marketing digital.<\/li>\n<\/ul>\n<p>[\/et_pb_text][\/et_pb_column][\/et_pb_row][et_pb_row _builder_version=\u00bb4.14.6&#8243; _module_preset=\u00bbdefault\u00bb max_width=\u00bb1756px\u00bb global_colors_info=\u00bb{}\u00bb][et_pb_column type=\u00bb4_4&#8243; _builder_version=\u00bb4.14.6&#8243; _module_preset=\u00bbdefault\u00bb global_colors_info=\u00bb{}\u00bb][et_pb_text _builder_version=\u00bb4.14.6&#8243; _module_preset=\u00bbdefault\u00bb global_colors_info=\u00bb{}\u00bb]<\/p>\n<h4>En <strong><span style=\"color: #0000ff;\">Serinfe<\/span><\/strong> podemos ofrecerte soluciones a medida si necesitas una soluci\u00f3n especifica. Tambi\u00e9n te podemos ofrecer paquetes de servicios especificos de administraci\u00f3n y gesti\u00f3n de tu tienda online por una cuota mensual y\/o anual.<\/h4>\n<p>[\/et_pb_text][\/et_pb_column][\/et_pb_row][\/et_pb_section]<\/p>\n","protected":false},"excerpt":{"rendered":"<p>[et_pb_section fb_built=\u00bb1&#8243; _builder_version=\u00bb4.14.5&#8243; _module_preset=\u00bbdefault\u00bb background_color=\u00bb#0C71C3&#8243; use_background_color_gradient=\u00bbon\u00bb background_color_gradient_end=\u00bb#1b4482&#8243; custom_padding=\u00bb150px||150px||true|false\u00bb global_colors_info=\u00bb{}\u00bb][et_pb_row column_structure=\u00bb3_5,2_5&#8243; _builder_version=\u00bb4.14.5&#8243; _module_preset=\u00bbdefault\u00bb width=\u00bb70%\u00bb max_width=\u00bb1920px\u00bb custom_padding=\u00bb14px||14px||true|false\u00bb global_colors_info=\u00bb{}\u00bb][et_pb_column type=\u00bb3_5&#8243; _builder_version=\u00bb4.14.5&#8243; _module_preset=\u00bbdefault\u00bb global_colors_info=\u00bb{}\u00bb][et_pb_text _builder_version=\u00bb4.14.6&#8243; _module_preset=\u00bbdefault\u00bb header_font_size=\u00bb60px\u00bb background_layout=\u00bbdark\u00bb custom_padding=\u00bb||8px|||\u00bb global_colors_info=\u00bb{}\u00bb] Kit Digital Comercio electr\u00f3nico Objetivo: Creaci\u00f3n de una tienda online de compraventa de productos y\/o servicios que utilice medios digitales para su intercambio. [\/et_pb_text][\/et_pb_column][et_pb_column type=\u00bb2_5&#8243; _builder_version=\u00bb4.14.5&#8243; _module_preset=\u00bbdefault\u00bb global_colors_info=\u00bb{}\u00bb][et_pb_image src=\u00bbhttps:\/\/www.serinfe.com\/kit-digital\/wp-content\/uploads\/2022\/01\/Wavy_Bus-10_Single-03.png\u00bb [&hellip;]<\/p>\n","protected":false},"author":1,"featured_media":0,"parent":0,"menu_order":0,"comment_status":"closed","ping_status":"closed","template":"","meta":{"_et_pb_use_builder":"on","_et_pb_old_content":"","_et_gb_content_width":""},"_links":{"self":[{"href":"https:\/\/www.serinfe.com\/kit-digital\/wp-json\/wp\/v2\/pages\/331859"}],"collection":[{"href":"https:\/\/www.serinfe.com\/kit-digital\/wp-json\/wp\/v2\/pages"}],"about":[{"href":"https:\/\/www.serinfe.com\/kit-digital\/wp-json\/wp\/v2\/types\/page"}],"author":[{"embeddable":true,"href":"https:\/\/www.serinfe.com\/kit-digital\/wp-json\/wp\/v2\/users\/1"}],"replies":[{"embeddable":true,"href":"https:\/\/www.serinfe.com\/kit-digital\/wp-json\/wp\/v2\/comments?post=331859"}],"version-history":[{"count":13,"href":"https:\/\/www.serinfe.com\/kit-digital\/wp-json\/wp\/v2\/pages\/331859\/revisions"}],"predecessor-version":[{"id":332311,"href":"https:\/\/www.serinfe.com\/kit-digital\/wp-json\/wp\/v2\/pages\/331859\/revisions\/332311"}],"wp:attachment":[{"href":"https:\/\/www.serinfe.com\/kit-digital\/wp-json\/wp\/v2\/media?parent=331859"}],"curies":[{"name":"wp","href":"https:\/\/api.w.org\/{rel}","templated":true}]}}